110 (base 2) to base 7.
-1353204
-11c3d (base 14) to base 12
-21267
What is -417835 (base 11) in base 13?
-1a5776
What is -132d (base 16) in base 15?
-16c4
What is -4025022 (base 6) in base 4?
-232131212
Convert 129435 (base 12) to base 16.
4ad29
Convert 1320111032 (base 4) to base 13.
143459
What is -14d25 (base 14) in base 13?
-1a86c
What is -1b13a (base 12) in base 13?
-1523b
-11d38d (base 15) to base 2
-11010000101010011011
What is -3141553 (base 8) in base 9?
-1514358
5c6a4c (base 13) to base 12
8a93b1
What is -1391704 (base 10) in base 8?
-5236130
-1368720 (base 9) to base 12
-304683
Convert 254729 (base 10) to base 7.
2110436
What is 17d9b3 (base 14) in base 7?
10114413
What is -b5734 (base 15) in base 4?
-2030132032
1001001011010100101101 (base 2) to base 8
11132455
-237000 (base 8) to base 15
-191c3
Convert 4a8b6e (base 15) to base 11.
2020771
Convert 10000000221 (base 3) to base 4.
32123002
Convert -b66a86 (base 14) to base 8.
-27411156
Convert 330213022 (base 6) to base 11.
3367971
Convert -1094e7 (base 15) to base 7.
-6502510
What is -233100300031 (base 4) in base 16?
-bd0c0d
-9240180 (base 10) to base 7
-141353205
104244032 (base 6) to base 14
371dd2
Convert -33405414 (base 8) to base 15.
-976c5d
What is -778239 (base 10) in base 5?
-144400424
Convert 2031233322 (base 5) to base 4.
33320303211
304492 (base 12) to base 2
10111000000110101110
-10724215 (base 8) to base 6
-122031005
What is 2057507 (base 9) in base 5?
240214302
Convert -10100001111101101111000 (base 2) to base 13.
-113a8b6
Convert -2b6783 (base 12) to base 3.
-1101110022000
Convert 1222220200 (base 3) to base 12.
1a8b3
Convert -163866 (base 9) to base 7.
-601236
Convert -16243516 (base 9) to base 5.
-4034243224
What is 194c0 (base 16) in base 14?
29a92
7755651 (base 8) to base 13
58141a
53202410 (base 6) to base 11
972978
Convert 625275 (base 11) to base 14.
1c151d
Convert -733609 (base 11) to base 14.
-228808
Convert 231003311 (base 4) to base 2.
101101000011110101
Convert -113043 (base 8) to base 4.
-21120203
Convert 1086639 (base 11) to base 2.
111001111001111100011
Convert -47722562 (base 8) to base 16.
-9fa572
-3087644 (base 9) to base 5
-410334230
-3e2e0 (base 16) to base 8
-761340
Convert -5761a (base 12) to base 3.
-12221000211
-918135 (base 10) to base 13
-261b9a
Convert 2221331201 (base 4) to base 16.
a9f61
Convert 10001010100000010001101 (base 2) to base 7.
53401543
Convert 2112201202 (base 3) to base 11.
34710
1eb51e (base 15) to base 8
5576144
What is -50457 (base 11) in base 16?
-12017
-169d3 (base 14) to base 10
-56829
What is -727036 (base 9) in base 11?
-2752a5
What is 21004023 (base 5) in base 8?
520544
401961 (base 10) to base 4
1202020221
1332321 (base 6) to base 11
50a0a
-1024613 (base 7) to base 4
-132103133
Convert 3654161 (base 10) to base 12.
1282815
-10002111202010 (base 3) to base 13
-457212
Convert -111110000101011 (base 2) to base 12.
-1648b
Convert -517cb7 (base 16) to base 2.
-10100010111110010110111
Convert 22240103 (base 5) to base 15.
3d253
-535636 (base 9) to base 8
-1157164
Convert -566462 (base 8) to base 14.
-4dc78
-3606114 (base 9) to base 15
-288a5a
Convert 204616633 (base 7) to base 11.
6919309
112441324 (base 6) to base 10
2089492
Convert 1424032124 (base 5) to base 3.
21000211120100
112333123 (base 5) to base 15
a190d
What is -1303223 (base 8) in base 3?
-200101202021
Convert 420422 (base 7) to base 10.
72242
12311102042 (base 5) to base 4
320333223201
515055244 (base 6) to base 11
5041a42
What is -423342322 (base 5) in base 13?
-4a3299
-84009 (base 11) to base 9
-205877
What is 33303203 (base 4) in base 14?
19843
Convert -1b074 (base 15) to base 3.
-11110112001
-14660655 (base 9) to base 16
-6f6f11
506939 (base 10) to base 15
a030e
-599884 (base 12) to base 4
-11201122210
Convert 202422403 (base 5) to base 3.
1112222212221
Convert 1e7356 (base 16) to base 9.
3671410
Convert 15374 (base 8) to base 13.
31b5
What is 31a20 (base 15) in base 3?
22000002110
What is -4a3a4 (base 15) in base 8?
-717027
What is -13200233 (base 4) in base 6?
-354235
1451143 (base 7) to base 15
3d6da
2010201010121 (base 3) to base 9
2121117
Convert 1110123022 (base 4) to base 6.
11224534
What is -2424154 (base 6) in base 11?
-88141
Convert 8460872 (base 9) to base 10.
4527803
Convert -4a72a (base 12) to base 13.
-37129
What is -a0033 (base 13) in base 16?
-45bd4
Convert 122300013322 (base 4) to base 11.
3a5a956
Convert 516af9 (base 16) to base 11.
3014959
Convert -2451203 (base 9) to base 12.
-543349
-150320 (base 8) to base 13
-1b440
-4541a (base 12) to base 10
-92182
244956 (base 11) to base 9
650045
-10100011100000010111 (base 2) to base 7
-5456351
-120212002212 (base 3) to base 6
-10404505
-100220002 (base 4) to base 14
-1ab62
What is -32042 (base 8) in base 6?
-141442
What is 22322142 (base 5) in base 3?
101002011222
Convert 4c8c5 (base 14) to base 2.
101101111110101101
What is 3371204 (base 9) in base 2?
110111011111010110100
What is -98326 (base 11) in base 9?
-236805
What is -416c20 (base 16) in base 15?
-59a59a
Convert 914a (base 13) to base 5.
1120004
What is 3422244 (base 5) in base 2?
1110111000010101
Convert 20202230201 (base 4) to base 15.
2e3745
-1a6930 (base 16) to base 2
-110100110100100110000
Convert -77aa4 (base 12) to base 4.
-212301130
What is -254b872 (base 13) in base 14?
-1793867
What is 13231 (base 8) in base 12?
3421
Convert 103566 (base 8) to base 12.
1809a
What is 132211321 (base 5) in base 9?
1220830
-280b7 (base 13) to base 4
-102101200
What is -8b774 (base 15) in base 12?
-194a01
-110002210200 (base 3) to base 4
-322022133
636122 (base 12) to base 13
42a895
Convert 1164a9a (base 11) to base 3.
10210222122211
What is 200160 (base 16) in base 13?
585936
What is -10001111111101001110011 (base 2) in base 5?
-2201422141
Convert 212120200011 (base 3) to base 15.
927c4
Convert 202221121121 (base 3) to base 9.
687547
What is 3f571b (base 16) in base 12?
14822a3
What is 14171 (base 9) in base 10?
9622
Convert -401205 (base 10) to base 3.
-202101100110
Convert -10ba8a (base 15) to base 6.
-25042304
-3889177 (base 13) to base 3
-1020022012212121
What is 3998589 (base 10) in base 5?
2010423324
What is -292596 (base 13) in base 14?
-1c2377
Convert 233c3 (base 14) to base 11.
59531
43461411 (base 7) to base 8
16163624
Convert -bce9 (base 16) to base 15.
-e4e1
What is 10001100100110001100 (base 2) in base 12?
239324
Convert 426365 (base 10) to base 5.
102120430
-1033033232 (base 4) to base 16
-4f3ee
What is 209b0a (base 12) in base 11?
32186a
Convert -41889 (base 12) to base 15.
-1a6d9
What is -7ddbe (base 16) in base 11?
-322353
Convert 2015c (base 14) to base 6.
1352554
Convert 2c19b7 (base 16) to base 3.
12102211120020
What is 3230325 (base 6) in base 3?
22002211122
Convert 7160 (base 12) to base 5.
343222
Convert -132003130 (base 4) to base 13.
-44053
-1011100111100110110 (base 2) to base 5
-44140401
Convert -21376065 (base 9) to base 8.
-47305626
-1173649 (base 10) to base 5
-300024044
What is 3767 (base 16) in base 7?
56231
1bacb (base 15) to base 5
10341231
-23c82 (base 13) to base 4
-100010313
-b4be3 (base 15) to base 3
-1002010002120
What is -43b (base 16) in base 15?
-4c3
Convert -1566062 (base 7) to base 6.
-4402052
What is -7661753 (base 10) in base 4?
-131032202321
What is 2698 (base 15) in base 11?
6214
ac227 (base 16) to base 12
2a0033
What is 133274 (base 9) in base 2?
10011110011111100
3d62c (base 15) to base 10
197142
Convert 13435552 (base 6) to base 15.
90278
22022010 (base 5) to base 4
232021031
What is 1c2536b (base 13) in base 9?
18532171
What is -768087 (base 9) in base 10?
-458620
Convert 100211101001 (base 3) to base 8.
571660
Convert 20323214 (base 7) to base 16.
19fe17
What is -31ccc (base 13) in base 12?
-44164
What is -10102112211020 (base 3) in base 7?
-21324624
What is 310334403 (base 5) in base 7?
13503605
Convert 31302023311 (base 4) to base 3.
20210120200201
Convert -1010010001110111 (base 2) to base 3.
-2010202101
65ba (base 12) to base 13
515b
What is -11024421 (base 8) in base 4?
-21002210101
Convert 4645143 (base 10) to base 11.
2692a68
What is 1f67ee (base 16) in base 7?
23331435
-154125251 (base 6) to base 3
-20011111211211
Convert 24010134 (base 5) to base 11.
13a942
What is -62040262 (bas